{"id":1154,"date":"2023-06-29T21:12:28","date_gmt":"2023-06-29T21:12:28","guid":{"rendered":"https:\/\/patagonemprende.cl\/?page_id=1154"},"modified":"2023-07-06T18:45:11","modified_gmt":"2023-07-06T18:45:11","slug":"crear-perfil-postulante","status":"publish","type":"page","link":"https:\/\/patagonemprende.cl\/?page_id=1154","title":{"rendered":"Crear Perfil &#8211; Postulante"},"content":{"rendered":"\t\t<div data-elementor-type=\"wp-page\" data-elementor-id=\"1154\" class=\"elementor elementor-1154\" data-elementor-post-type=\"page\">\n\t\t\t\t\t\t\t<div class=\"elementor-element elementor-element-91ab771 e-flex e-con-boxed e-con\" data-id=\"91ab771\" data-element_type=\"container\" data-settings=\"{&quot;jet_parallax_layout_list&quot;:[],&quot;content_width&quot;:&quot;boxed&quot;}\">\n\t\t\t\t\t<div class=\"e-con-inner\">\n\t\t<div class=\"elementor-element elementor-element-eb48f37 e-con-full e-flex e-con\" data-id=\"eb48f37\" data-element_type=\"container\" data-settings=\"{&quot;content_width&quot;:&quot;full&quot;,&quot;background_background&quot;:&quot;classic&quot;,&quot;jet_parallax_layout_list&quot;:[]}\">\n\t\t\t\t<div class=\"elementor-element elementor-element-98c70fc elementor-widget elementor-widget-heading\" data-id=\"98c70fc\" data-element_type=\"widget\" data-widget_type=\"heading.default\">\n\t\t\t\t<div class=\"elementor-widget-container\">\n\t\t\t<style>\/*! elementor - v3.15.0 - 09-08-2023 *\/\n.elementor-heading-title{padding:0;margin:0;line-height:1}.elementor-widget-heading .elementor-heading-title[class*=elementor-size-]>a{color:inherit;font-size:inherit;line-height:inherit}.elementor-widget-heading .elementor-heading-title.elementor-size-small{font-size:15px}.elementor-widget-heading .elementor-heading-title.elementor-size-medium{font-size:19px}.elementor-widget-heading .elementor-heading-title.elementor-size-large{font-size:29px}.elementor-widget-heading .elementor-heading-title.elementor-size-xl{font-size:39px}.elementor-widget-heading .elementor-heading-title.elementor-size-xxl{font-size:59px}<\/style><h2 class=\"elementor-heading-title elementor-size-default\">Crear perfil<\/h2>\t\t<\/div>\n\t\t\t\t<\/div>\n\t\t<div class=\"elementor-element elementor-element-49ebf87 e-flex e-con-boxed e-con\" data-id=\"49ebf87\" data-element_type=\"container\" data-settings=\"{&quot;jet_parallax_layout_list&quot;:[],&quot;content_width&quot;:&quot;boxed&quot;}\">\n\t\t\t\t\t<div class=\"e-con-inner\">\n\t\t\t\t<div class=\"elementor-element elementor-element-be5a26d elementor-widget__width-initial elementor-widget-divider--view-line elementor-widget elementor-widget-divider\" data-id=\"be5a26d\" data-element_type=\"widget\" data-widget_type=\"divider.default\">\n\t\t\t\t<div class=\"elementor-widget-container\">\n\t\t\t<style>\/*! elementor - v3.15.0 - 09-08-2023 *\/\n.elementor-widget-divider{--divider-border-style:none;--divider-border-width:1px;--divider-color:#0c0d0e;--divider-icon-size:20px;--divider-element-spacing:10px;--divider-pattern-height:24px;--divider-pattern-size:20px;--divider-pattern-url:none;--divider-pattern-repeat:repeat-x}.elementor-widget-divider .elementor-divider{display:flex}.elementor-widget-divider .elementor-divider__text{font-size:15px;line-height:1;max-width:95%}.elementor-widget-divider .elementor-divider__element{margin:0 var(--divider-element-spacing);flex-shrink:0}.elementor-widget-divider .elementor-icon{font-size:var(--divider-icon-size)}.elementor-widget-divider .elementor-divider-separator{display:flex;margin:0;direction:ltr}.elementor-widget-divider--view-line_icon .elementor-divider-separator,.elementor-widget-divider--view-line_text .elementor-divider-separator{align-items:center}.elementor-widget-divider--view-line_icon .elementor-divider-separator:after,.elementor-widget-divider--view-line_icon .elementor-divider-separator:before,.elementor-widget-divider--view-line_text .elementor-divider-separator:after,.elementor-widget-divider--view-line_text .elementor-divider-separator:before{display:block;content:\"\";border-bottom:0;flex-grow:1;border-top:var(--divider-border-width) var(--divider-border-style) var(--divider-color)}.elementor-widget-divider--element-align-left .elementor-divider .elementor-divider-separator>.elementor-divider__svg:first-of-type{flex-grow:0;flex-shrink:100}.elementor-widget-divider--element-align-left .elementor-divider-separator:before{content:none}.elementor-widget-divider--element-align-left .elementor-divider__element{margin-left:0}.elementor-widget-divider--element-align-right .elementor-divider .elementor-divider-separator>.elementor-divider__svg:last-of-type{flex-grow:0;flex-shrink:100}.elementor-widget-divider--element-align-right .elementor-divider-separator:after{content:none}.elementor-widget-divider--element-align-right .elementor-divider__element{margin-right:0}.elementor-widget-divider:not(.elementor-widget-divider--view-line_text):not(.elementor-widget-divider--view-line_icon) .elementor-divider-separator{border-top:var(--divider-border-width) var(--divider-border-style) var(--divider-color)}.elementor-widget-divider--separator-type-pattern{--divider-border-style:none}.elementor-widget-divider--separator-type-pattern.elementor-widget-divider--view-line .elementor-divider-separator,.elementor-widget-divider--separator-type-pattern:not(.elementor-widget-divider--view-line) .elementor-divider-separator:after,.elementor-widget-divider--separator-type-pattern:not(.elementor-widget-divider--view-line) .elementor-divider-separator:before,.elementor-widget-divider--separator-type-pattern:not([class*=elementor-widget-divider--view]) .elementor-divider-separator{width:100%;min-height:var(--divider-pattern-height);-webkit-mask-size:var(--divider-pattern-size) 100%;mask-size:var(--divider-pattern-size) 100%;-webkit-mask-repeat:var(--divider-pattern-repeat);mask-repeat:var(--divider-pattern-repeat);background-color:var(--divider-color);-webkit-mask-image:var(--divider-pattern-url);mask-image:var(--divider-pattern-url)}.elementor-widget-divider--no-spacing{--divider-pattern-size:auto}.elementor-widget-divider--bg-round{--divider-pattern-repeat:round}.rtl .elementor-widget-divider .elementor-divider__text{direction:rtl}.e-con-inner>.elementor-widget-divider,.e-con>.elementor-widget-divider{width:var(--container-widget-width,100%);--flex-grow:var(--container-widget-flex-grow)}<\/style>\t\t<div class=\"elementor-divider\">\n\t\t\t<span class=\"elementor-divider-separator\">\n\t\t\t\t\t\t<\/span>\n\t\t<\/div>\n\t\t\t\t<\/div>\n\t\t\t\t<\/div>\n\t\t\t\t<div class=\"elementor-element elementor-element-f984b21 elementor-widget elementor-widget-heading\" data-id=\"f984b21\" data-element_type=\"widget\" data-widget_type=\"heading.default\">\n\t\t\t\t<div class=\"elementor-widget-container\">\n\t\t\t<div class=\"elementor-heading-title elementor-size-default\">Emprendedores<\/div>\t\t<\/div>\n\t\t\t\t<\/div>\n\t\t\t\t\t<\/div>\n\t\t\t\t<\/div>\n\t\t\t\t<\/div>\n\t\t\t\t<div class=\"elementor-element elementor-element-cdd0cb1 elementor-widget__width-initial elementor-hidden-mobile elementor-widget-divider--view-line elementor-widget elementor-widget-divider\" data-id=\"cdd0cb1\" data-element_type=\"widget\" data-widget_type=\"divider.default\">\n\t\t\t\t<div class=\"elementor-widget-container\">\n\t\t\t\t\t<div class=\"elementor-divider\">\n\t\t\t<span class=\"elementor-divider-separator\">\n\t\t\t\t\t\t<\/span>\n\t\t<\/div>\n\t\t\t\t<\/div>\n\t\t\t\t<\/div>\n\t\t<div class=\"elementor-element elementor-element-88b4957 e-con-full e-flex e-con\" data-id=\"88b4957\" data-element_type=\"container\" data-settings=\"{&quot;content_width&quot;:&quot;full&quot;,&quot;jet_parallax_layout_list&quot;:[]}\">\n\t\t<div class=\"elementor-element elementor-element-e27f5b4 e-flex e-con-boxed e-con\" data-id=\"e27f5b4\" data-element_type=\"container\" data-settings=\"{&quot;jet_parallax_layout_list&quot;:[],&quot;content_width&quot;:&quot;boxed&quot;}\">\n\t\t\t\t\t<div class=\"e-con-inner\">\n\t\t\t\t<div class=\"elementor-element elementor-element-d45f1b7 elementor-widget elementor-widget-heading\" data-id=\"d45f1b7\" data-element_type=\"widget\" data-widget_type=\"heading.default\">\n\t\t\t\t<div class=\"elementor-widget-container\">\n\t\t\t<div class=\"elementor-heading-title elementor-size-default\">DATOS DEL EMPRENDEDOR  - EMPRESARIO Y\/O PRESTADOR DE SERVICIO<\/div>\t\t<\/div>\n\t\t\t\t<\/div>\n\t\t\t\t\t<\/div>\n\t\t\t\t<\/div>\n\t\t\t\t<\/div>\n\t\t\t\t\t<\/div>\n\t\t\t\t<\/div>\n\t\t<div class=\"elementor-element elementor-element-d9c8042 e-flex e-con-boxed e-con\" data-id=\"d9c8042\" data-element_type=\"container\" data-settings=\"{&quot;jet_parallax_layout_list&quot;:[],&quot;content_width&quot;:&quot;boxed&quot;}\">\n\t\t\t\t\t<div class=\"e-con-inner\">\n\t\t\t\t<div class=\"elementor-element elementor-element-e7621a4 crearperfilForm jedv-enabled--yes elementor-widget elementor-widget-jet-engine-booking-form\" data-id=\"e7621a4\" data-element_type=\"widget\" data-widget_type=\"jet-engine-booking-form.default\">\n\t\t\t\t<div class=\"elementor-widget-container\">\n\t\t\t<link rel=\"preconnect\" href=\"https:\/\/fonts.gstatic.com\"><style id=\"jet-form-builder-1152-inline-css\">.jet-sm-gb-f611d1eb-2a9f-4f87-9886-6c17a5ab3e49 .jet-form-builder__desc.jet-form-builder__desc.jet-form-builder__desc{background-color: ;} .jet-sm-gb-a74f56ff-7a54-481a-b2f9-68b7184b1079 .jet-form-builder__desc.jet-form-builder__desc.jet-form-builder__desc{background-color: ;} .jet-sm-gb-a74f56ff-7a54-481a-b2f9-68b7184b1079 .jet-form-builder__field-wrap input{font-family: inherit; font-weight: 400; text-transform: inherit; font-style: inherit; text-decoration: inherit; line-height: 1.2; letter-spacing: 0px; font-size: 14px;} .jet-sm-gb-ebabb5ce-23bb-4929-adae-828d1dce8ac0 .jet-form-builder__desc.jet-form-builder__desc.jet-form-builder__desc{background-color: ;} .jet-sm-gb-b82bc867-9aef-4993-b658-e53bd74f0701 .jet-form-builder-row.jet-form-builder-row.jet-form-builder-row.jet-form-builder-row{text-align: left;} .jet-sm-gb-084b2ae7-d8a1-42cf-b711-1f89ce9c61b5 .jet-form-builder__action-button:hover:not(:disabled){background-color: ;} .jet-sm-gb-5d8ac1bb-95fe-4fd0-a1b2-e0df0df3a214 .jet-form-builder__desc.jet-form-builder__desc.jet-form-builder__desc{background-color: ;} .jet-sm-gb-7a145c7e-f0bd-4c1a-b8b2-185b08b6141c .jet-form-builder__desc.jet-form-builder__desc.jet-form-builder__desc{background-color: ;} <\/style><form  class=\"jet-form-builder layout-row submit-type-ajax\" action=\"https:\/\/patagonemprende.cl\/?jet_form_builder_submit=submit&amp;method=reload\" method=\"POST\" data-form-id=\"1152\" data-layout=\"row\" enctype=\"multipart\/form-data\" data-clear=\"1\" novalidate=\"\">\r\n<input type=\"hidden\" name=\"_jfb_current_render_states[]\" value=\"DEFAULT.STATE\" data-jfb-sync \/><input type=\"hidden\" class=\"jet-form-builder__field hidden-field\" name=\"_jet_engine_booking_form_id\" data-field-name=\"_jet_engine_booking_form_id\" value=\"1152\">\r\n<input type=\"hidden\" class=\"jet-form-builder__field hidden-field\" name=\"_jet_engine_refer\" data-field-name=\"_jet_engine_refer\" value=\"https:\/\/patagonemprende.cl\/?rest_route=%2Fwp%2Fv2%2Fpages%2F1154\">\r\n<input type=\"hidden\" class=\"jet-form-builder__field hidden-field\" name=\"__queried_post_id\" data-field-name=\"__queried_post_id\" value=\"1154\">\r\n\n<div class=\"wp-block-group\"><div class=\"wp-block-group__inner-container is-layout-constrained wp-block-group-is-layout-constrained\"><div class=\" jet-sm-gb-wrapper jet-sm-gb-b82bc867-9aef-4993-b658-e53bd74f0701\" data-block-id=\"jet-sm-gb-b82bc867-9aef-4993-b658-e53bd74f0701\" ><div  data-validation-type=\"advanced\" data-validation-rules=\"[{&quot;__visible&quot;:false,&quot;type&quot;:&quot;ssr&quot;,&quot;field&quot;:&quot;&quot;,&quot;value&quot;:&quot;is_user_login_unique&quot;,&quot;message&quot;:&quot;El nombre de Usuario ya existe&quot;},{&quot;__visible&quot;:true,&quot;type&quot;:&quot;contain_not&quot;,&quot;value&quot;:&quot; &quot;,&quot;message&quot;:&quot;No se pueden usar espacios&quot;}]\" class=\"jet-form-builder-row field-type-text-field\" >\n\t<div class=\"jet-form-builder-col__start\">\r\n\t\t<div class=\"jet-form-builder__label\">\r\n<div class=\"jet-form-builder__label-text\">Nombre de Usuario <span class=\"jet-form-builder__required\">*<\/span><\/div><\/div>\t<\/div>\r\n<div class=\"jet-form-builder-col__end\">\r\n\t<div class=\"jet-form-builder__field-wrap\">\r\n\t<input placeholder=\"Nombre de Usuario\" required=\"required\" name=\"NombredeUsuario\" id=\"NombredeUsuario\" type=\"text\" data-field-name=\"NombredeUsuario\" class=\"jet-form-builder__field text-field\" data-jfb-sync=\"\">\r\n<\/div><\/div>\r\n\n<\/div><\/div>\n\n<div class=\" jet-sm-gb-wrapper jet-sm-gb-a74f56ff-7a54-481a-b2f9-68b7184b1079\" data-block-id=\"jet-sm-gb-a74f56ff-7a54-481a-b2f9-68b7184b1079\" ><div  class=\"jet-form-builder-row field-type-text-field\" >\n\t<div class=\"jet-form-builder-col__start\">\r\n\t\t<div class=\"jet-form-builder__label\">\r\n<div class=\"jet-form-builder__label-text\">Nombre <span class=\"jet-form-builder__required\">*<\/span><\/div><\/div>\t<\/div>\r\n<div class=\"jet-form-builder-col__end\">\r\n\t<div class=\"jet-form-builder__field-wrap\">\r\n\t<input placeholder=\"Nombres\" required=\"required\" name=\"NombreCompleto\" id=\"NombreCompleto\" type=\"text\" data-field-name=\"NombreCompleto\" class=\"jet-form-builder__field text-field\" data-jfb-sync=\"\">\r\n<\/div><\/div>\r\n\n<\/div><\/div>\n\n<div class=\" jet-sm-gb-wrapper jet-sm-gb-ebabb5ce-23bb-4929-adae-828d1dce8ac0\" data-block-id=\"jet-sm-gb-ebabb5ce-23bb-4929-adae-828d1dce8ac0\" ><div  class=\"jet-form-builder-row field-type-text-field\" >\n\t<div class=\"jet-form-builder-col__start\">\r\n\t\t<div class=\"jet-form-builder__label\">\r\n<div class=\"jet-form-builder__label-text\">Apellido <span class=\"jet-form-builder__required\">*<\/span><\/div><\/div>\t<\/div>\r\n<div class=\"jet-form-builder-col__end\">\r\n\t<div class=\"jet-form-builder__field-wrap\">\r\n\t<input placeholder=\"Apellido\" required=\"required\" name=\"Apellido\" id=\"Apellido\" type=\"text\" data-field-name=\"Apellido\" class=\"jet-form-builder__field text-field\" data-jfb-sync=\"\">\r\n<\/div><\/div>\r\n\n<\/div><\/div>\n\n<div class=\" jet-sm-gb-wrapper jet-sm-gb-ebabb5ce-23bb-4929-adae-828d1dce8ac0\" data-block-id=\"jet-sm-gb-ebabb5ce-23bb-4929-adae-828d1dce8ac0\" ><div  class=\"jet-form-builder-row field-type-text-field\" >\n\t<div class=\"jet-form-builder-col__start\">\r\n\t\t<div class=\"jet-form-builder__label\">\r\n<div class=\"jet-form-builder__label-text\">Contrase\u00f1a <span class=\"jet-form-builder__required\">*<\/span><\/div><\/div>\t<\/div>\r\n<div class=\"jet-form-builder-col__end\">\r\n\t<div class=\"jet-form-builder__field-wrap\">\r\n\t<input placeholder=\"Contrase\u00f1a\" required=\"required\" name=\"Contrasela\" id=\"Contrasela\" type=\"text\" data-field-name=\"Contrasela\" class=\"jet-form-builder__field text-field\" data-jfb-sync=\"\">\r\n<\/div><\/div>\r\n\n<\/div><\/div>\n\n<div class=\" jet-sm-gb-wrapper jet-sm-gb-ebabb5ce-23bb-4929-adae-828d1dce8ac0\" data-block-id=\"jet-sm-gb-ebabb5ce-23bb-4929-adae-828d1dce8ac0\" ><div  data-validation-type=\"advanced\" data-validation-rules=\"[{&quot;__visible&quot;:true,&quot;type&quot;:&quot;equal&quot;,&quot;field&quot;:&quot;Contrasela&quot;,&quot;message&quot;:&quot;Las contrase\u00f1as no coinciden&quot;,&quot;value&quot;:&quot;&quot;}]\" class=\"jet-form-builder-row field-type-text-field\" >\n\t<div class=\"jet-form-builder-col__start\">\r\n\t\t<div class=\"jet-form-builder__label\">\r\n<div class=\"jet-form-builder__label-text\">Confirmar Contrase\u00f1a <span class=\"jet-form-builder__required\">*<\/span><\/div><\/div>\t<\/div>\r\n<div class=\"jet-form-builder-col__end\">\r\n\t<div class=\"jet-form-builder__field-wrap\">\r\n\t<input placeholder=\"Confirmar contrase\u00f1a\" required=\"required\" name=\"confirmarcontrasena\" id=\"confirmarcontrasena\" type=\"text\" data-field-name=\"confirmarcontrasena\" class=\"jet-form-builder__field text-field\" data-jfb-sync=\"\">\r\n<\/div><\/div>\r\n\n<\/div><\/div><\/div><\/div>\n\n\n\n<div class=\"wp-block-group\"><div class=\"wp-block-group__inner-container is-layout-constrained wp-block-group-is-layout-constrained\"><div class=\" jet-sm-gb-wrapper jet-sm-gb-5d8ac1bb-95fe-4fd0-a1b2-e0df0df3a214\" data-block-id=\"jet-sm-gb-5d8ac1bb-95fe-4fd0-a1b2-e0df0df3a214\" ><div  class=\"jet-form-builder-row field-type-text-field\" >\n\t<div class=\"jet-form-builder-col__start\">\r\n\t\t<div class=\"jet-form-builder__label\">\r\n<div class=\"jet-form-builder__label-text\">Ciudad <span class=\"jet-form-builder__required\">*<\/span><\/div><\/div>\t<\/div>\r\n<div class=\"jet-form-builder-col__end\">\r\n\t<div class=\"jet-form-builder__field-wrap\">\r\n\t<input placeholder=\"Ciudad\" required=\"required\" name=\"Ciudad\" id=\"Ciudad\" type=\"text\" data-field-name=\"Ciudad\" class=\"jet-form-builder__field text-field\" data-jfb-sync=\"\">\r\n<\/div><\/div>\r\n\n<\/div><\/div>\n\n<div class=\" jet-sm-gb-wrapper jet-sm-gb-5d8ac1bb-95fe-4fd0-a1b2-e0df0df3a214\" data-block-id=\"jet-sm-gb-5d8ac1bb-95fe-4fd0-a1b2-e0df0df3a214\" ><div  class=\"jet-form-builder-row field-type-text-field\" >\n\t<div class=\"jet-form-builder-col__start\">\r\n\t\t<div class=\"jet-form-builder__label\">\r\n<div class=\"jet-form-builder__label-text\">Direccion <span class=\"jet-form-builder__required\">*<\/span><\/div><\/div>\t<\/div>\r\n<div class=\"jet-form-builder-col__end\">\r\n\t<div class=\"jet-form-builder__field-wrap\">\r\n\t<input placeholder=\"Direccion\" required=\"required\" name=\"direccion\" id=\"direccion\" type=\"text\" data-field-name=\"direccion\" class=\"jet-form-builder__field text-field\" data-jfb-sync=\"\">\r\n<\/div><\/div>\r\n\n<\/div><\/div><\/div><\/div>\n\n\n<div class=\" jet-sm-gb-wrapper jet-sm-gb-24850219-76d7-4c0c-b316-95b955e3d410\" data-block-id=\"jet-sm-gb-24850219-76d7-4c0c-b316-95b955e3d410\" ><div  data-validation-type=\"advanced\" data-validation-rules=\"[{&quot;__visible&quot;:true,&quot;type&quot;:&quot;ssr&quot;,&quot;value&quot;:&quot;is_user_email_unique&quot;,&quot;message&quot;:&quot;El Correo electronico ya esta usado&quot;}]\" class=\"jet-form-builder-row field-type-text-field\" >\n\t<div class=\"jet-form-builder-col__start\">\r\n\t\t<div class=\"jet-form-builder__label\">\r\n<div class=\"jet-form-builder__label-text\">Correo <span class=\"jet-form-builder__required\">*<\/span><\/div><\/div>\t<\/div>\r\n<div class=\"jet-form-builder-col__end\">\r\n\t<div class=\"jet-form-builder__field-wrap\">\r\n\t<input placeholder=\"Correo\" required=\"required\" name=\"correo\" id=\"correo\" type=\"email\" data-field-name=\"correo\" class=\"jet-form-builder__field text-field\" data-jfb-sync=\"\">\r\n<\/div><\/div>\r\n\n<\/div><\/div>\n\n<div class=\" jet-sm-gb-wrapper jet-sm-gb-f611d1eb-2a9f-4f87-9886-6c17a5ab3e49\" data-block-id=\"jet-sm-gb-f611d1eb-2a9f-4f87-9886-6c17a5ab3e49\" ><div  class=\"jet-form-builder-row field-type-text-field\" >\n\t<div class=\"jet-form-builder-col__start\">\r\n\t\t<div class=\"jet-form-builder__label\">\r\n<div class=\"jet-form-builder__label-text\">Tel\u00e9fono de Contacto <span class=\"jet-form-builder__required\">*<\/span><\/div><\/div>\t<\/div>\r\n<div class=\"jet-form-builder-col__end\">\r\n\t<div class=\"jet-form-builder__field-wrap\">\r\n\t<input placeholder=\"Tel\u00e9fono de Contacto\" required=\"required\" name=\"telefono_de_contacto\" id=\"telefono_de_contacto\" type=\"tel\" data-field-name=\"telefono_de_contacto\" class=\"jet-form-builder__field text-field\" data-jfb-sync=\"\">\r\n<\/div><\/div>\r\n\n<\/div><\/div>\n\n<div class=\" jet-sm-gb-wrapper jet-sm-gb-7a145c7e-f0bd-4c1a-b8b2-185b08b6141c\" data-block-id=\"jet-sm-gb-7a145c7e-f0bd-4c1a-b8b2-185b08b6141c\" ><div  class=\"jet-form-builder-row field-type-text-field\" >\n\t<div class=\"jet-form-builder-col__start\">\r\n\t\t<div class=\"jet-form-builder__label\">\r\n<div class=\"jet-form-builder__label-text\">Facebook<\/div><\/div>\t<\/div>\r\n<div class=\"jet-form-builder-col__end\">\r\n\t<div class=\"jet-form-builder__field-wrap\">\r\n\t<input placeholder=\"www.facebook.com\/xxxxxxx\" name=\"facebook\" id=\"facebook\" type=\"text\" data-field-name=\"facebook\" class=\"jet-form-builder__field text-field\" data-jfb-sync=\"\">\r\n<\/div><\/div>\r\n\n<\/div><\/div>\n\n<div class=\" jet-sm-gb-wrapper jet-sm-gb-7a145c7e-f0bd-4c1a-b8b2-185b08b6141c\" data-block-id=\"jet-sm-gb-7a145c7e-f0bd-4c1a-b8b2-185b08b6141c\" ><div  class=\"jet-form-builder-row field-type-text-field\" >\n\t<div class=\"jet-form-builder-col__start\">\r\n\t\t<div class=\"jet-form-builder__label\">\r\n<div class=\"jet-form-builder__label-text\">Instagram<\/div><\/div>\t<\/div>\r\n<div class=\"jet-form-builder-col__end\">\r\n\t<div class=\"jet-form-builder__field-wrap\">\r\n\t<input placeholder=\"www.Instagram.com\/xxxxxxx\" name=\"Instagram\" id=\"Instagram\" type=\"text\" data-field-name=\"Instagram\" class=\"jet-form-builder__field text-field\" data-jfb-sync=\"\">\r\n<\/div><\/div>\r\n\n<\/div><\/div>\n\n<div class=\" jet-sm-gb-wrapper jet-sm-gb-7a145c7e-f0bd-4c1a-b8b2-185b08b6141c\" data-block-id=\"jet-sm-gb-7a145c7e-f0bd-4c1a-b8b2-185b08b6141c\" ><div  class=\"jet-form-builder-row field-type-text-field\" >\n\t<div class=\"jet-form-builder-col__start\">\r\n\t\t<div class=\"jet-form-builder__label\">\r\n<div class=\"jet-form-builder__label-text\">Linkedin<\/div><\/div>\t<\/div>\r\n<div class=\"jet-form-builder-col__end\">\r\n\t<div class=\"jet-form-builder__field-wrap\">\r\n\t<input placeholder=\"www.Linkedin.com\/xxxxxxx\" name=\"Linkedin\" id=\"Linkedin\" type=\"text\" data-field-name=\"Linkedin\" class=\"jet-form-builder__field text-field\" data-jfb-sync=\"\">\r\n<\/div><\/div>\r\n\n<\/div><\/div>\n\n<div class=\" jet-sm-gb-wrapper jet-sm-gb-084b2ae7-d8a1-42cf-b711-1f89ce9c61b5\" data-block-id=\"jet-sm-gb-084b2ae7-d8a1-42cf-b711-1f89ce9c61b5\" ><div  class=\"jet-form-builder-row field-type-submit-field\" >\n\t<div data-type=\"submit\" class=\"jet-form-builder__action-button-wrapper jet-form-builder__submit-wrap\">\r\n\t<button class=\"jet-form-builder__action-button jet-form-builder__submit submit-type-ajax\" type=\"submit\">Crear Perfil<\/button>\r\n\t<\/div>\r\n\t\n<\/div><\/div>\t<div class=\"jet-form-builder-messages-wrap\" data-form-id=\"1152\"><\/div>\r\n<\/form>\r\n\t\t<\/div>\n\t\t\t\t<\/div>\n\t\t\t\t\t<\/div>\n\t\t\t\t<\/div>\n\t\t\t\t\t\t\t<\/div>\n\t\t","protected":false},"excerpt":{"rendered":"<p>Crear perfil Emprendedores DATOS DEL EMPRENDEDOR &#8211; EMPRESARIO Y\/O PRESTADOR DE SERVICIO Nombre de Usuario * Nombre * Apellido * Contrase\u00f1a * Confirmar Contrase\u00f1a * Ciudad * Direccion * Correo * Tel\u00e9fono de Contacto * Facebook Instagram Linkedin Crear Perfil Nombre de Usuario * Nombre * Apellido * Contrase\u00f1a * Confirmar Contrase\u00f1a * Ciudad * [&hellip;]<\/p>\n","protected":false},"author":1,"featured_media":0,"parent":0,"menu_order":0,"comment_status":"closed","ping_status":"closed","template":"elementor_header_footer","meta":{"_mi_skip_tracking":false,"_monsterinsights_sitenote_active":false,"_monsterinsights_sitenote_note":"","_monsterinsights_sitenote_category":0,"_jet_sm_ready_style":"","_jet_sm_style":"","_jet_sm_controls_values":"","_jet_sm_fonts_collection":"","_jet_sm_fonts_links":"","footnotes":""},"class_list":["post-1154","page","type-page","status-publish","hentry"],"_links":{"self":[{"href":"https:\/\/patagonemprende.cl\/index.php?rest_route=\/wp\/v2\/pages\/1154","targetHints":{"allow":["GET"]}}],"collection":[{"href":"https:\/\/patagonemprende.cl\/index.php?rest_route=\/wp\/v2\/pages"}],"about":[{"href":"https:\/\/patagonemprende.cl\/index.php?rest_route=\/wp\/v2\/types\/page"}],"author":[{"embeddable":true,"href":"https:\/\/patagonemprende.cl\/index.php?rest_route=\/wp\/v2\/users\/1"}],"replies":[{"embeddable":true,"href":"https:\/\/patagonemprende.cl\/index.php?rest_route=%2Fwp%2Fv2%2Fcomments&post=1154"}],"version-history":[{"count":13,"href":"https:\/\/patagonemprende.cl\/index.php?rest_route=\/wp\/v2\/pages\/1154\/revisions"}],"predecessor-version":[{"id":2142,"href":"https:\/\/patagonemprende.cl\/index.php?rest_route=\/wp\/v2\/pages\/1154\/revisions\/2142"}],"wp:attachment":[{"href":"https:\/\/patagonemprende.cl\/index.php?rest_route=%2Fwp%2Fv2%2Fmedia&parent=1154"}],"curies":[{"name":"wp","href":"https:\/\/api.w.org\/{rel}","templated":true}]}}